0/(-1) - (-4 + 9)*-1. Let n(m) = -m + 10. Let d be n(g). Suppose 2*s - 3*f - 1558 = 0, 3*s = d*s + 3*f - 1558. Is s a prime number?
False
Suppose 2*a = 8*r - 3*r - 25, -a - 17 = -4*r. Suppose -r*k + 8*k - d = 6728, -2*k + 2681 = 3*d. Is k composite?
True
Let c(m) = 3*m**2 - 3*m - 17. Let j be c(8). Let n be 2/3*(3 + 246). Let w = j + n. Is w a prime number?
True
Let u(c) = 26 - 34 + 2*c - 21. Let n be u(16). Suppose 12551 = 10*a - n*a. Is a prime?
False
Let u(z) = z**3 - 15*z**2 - 49*z - 8. Let g be u(20). Let c = 3761 - g. Suppose -16*a = -12723 - c. Is a a composite number?
False
Is (-392440)/(-35) + 4/(56/6) composite?
False
Suppose 5*r + 2*s = 2955007, -3*r + 1772985 = -12*s + 10*s. Is r prime?
False
Suppose 3*i = -g + 11, 0*i - 9 = -2*i - g. Let j be (0 + (-2 - 2859))*i/(-2). Suppose 3*q - j = -2*c, 3*c - 4*q = -0*q + 4249. Is c a prime number?
True
Suppose o = 5*u + 320649, 489*u - 485*u + 32 = 0. Is o composite?
False
Let b(o) = 2*o**3 - 21*o**2 - 11*o. Let v be b(11). Suppose 13*h - 14*h = v. Suppose 2*y - 242 + 64 = h. Is y composite?
False
Let i(m) = m**3 - 5*m**2 - 7*m + 8. Let n be i(6). Let s be -12 - -20 - (11 - 6). Suppose -414 = -n*w + 4*y, -3*y + 1061 = 2*w + s*w. Is w a prime number?
True
Let t = 15 - 11. Suppose t*h = 4*h - h. Suppose h = -2*z + 5*r + 3237, 2*r + 2*r - 4913 = -3*z. Is z composite?
True
Let j(k) = -50*k - 347. Let t be j(-7). Suppose 121367 = t*y + 5*m, -8*y + 121373 = -5*y + 2*m. Is y a composite number?
False
Let k(v) = -33*v + 9. Let u(h) = -50*h + 18. Let p(c) = -5*k(c) + 2*u(c). Let l be -10*(0 - 0 - 1). Is p(l) a composite number?
False
Let f(v) = -10*v**3 + 4*v**2 - 5*v - 12. Let d(r) = 5*r - 85. Let z be d(16). Is f(z) a prime number?
False
Let r = -82971 - -525692. Is r a composite number?
False
Let f(x) = 20*x + 23*x**2 + 5*x - 46*x**2 + 13*x**2 + 37 - x**3. Is f(-14) composite?
True
Let x(q) = q**3 + 2*q**2 + 12. Let j be x(0). Suppose -j*s + 3974 = -26182. Is s prime?
False
Suppose 99882588 = 70*f - 4169708 - 10127714. Is f prime?
True
Suppose 7*g - 94 = -31. Suppose 0 = -3*p + g + 3. Suppose 1049 = 5*f + p*y, -5*f + 4*y + 145 = -896. Is f a composite number?
True
Let j(f) = f**2 + 5*f - 6. Let v be j(-6). Let i(z) = 613 + 74 - 166 - z + 2*z**2. Is i(v) a composite number?
False
Let j = 27 + -22. Suppose -2*h - 9529 = -j*c, h + 1904 = -c + 2*c. Is c prime?
True
Suppose 2*a + 13 = -5. Is 0 + (-55778)/(-4) + a/(-18) a composite number?
True
Let b(t) = 50047*t**2 - 13*t - 23. Is b(-2) a prime number?
True
Let x(r) = r**2 - 2*r - 104. Let q be x(11). Suppose 3*f = -2*z + 25, -z + 0*f + f + 15 = 0. Is 7/(z/3132) + q composite?
True
Suppose -3*d + 4*d = 3*d - 95242. Is d a composite number?
True
Let s be (-67056)/(-12) + (-12)/3. Let t = 10887 - s. Is t composite?
False
Suppose -p - 4*c = 0, 5*p + 6*c - 4*c = 0. Suppose p = -5*k + 2 + 8. Is ((-25)/(-10) - k)/(2/12164) a composite number?
False
Let v be 0 + 1 - (-30 + 27). Suppose 2*u + 4043 = 5*z, 3238 = v*z + 2*u - 0*u. Is z composite?
False
Suppose 2*n + y - 165 = 0, 0*n + 2*n + 2*y - 170 = 0. Let t = n - 103. Let k = 1824 - t. Is k composite?
False
Suppose 2*m - 397 - 1215 = 0. Suppose -3485 = 7*r - 4*u, -303 = 3*r + 4*u + 1202. Let v = r + m. Is v a composite number?
False
Let u(d) = -d**3 + 26*d**2 + 4*d + 63. Let w be u(19). Let v = -843 + w. Is v a prime number?
True
Let c be 15978*11 + (-25 - -28). Suppose 0 = -6*g + 10*g + 20, 4*o - g = c. Is o prime?
False
Let b = -430340 + 723459. Is b composite?
True
Let x(k) = 143*k**3 + 4*k**2 - 7*k - 77. Is x(8) a prime number?
False
Suppose -4*k + 6 = -2. Suppose 3*w = k*g - 19, -8*w - 15 = 5*g - 3*w. Suppose -p + 402 = g*p. Is p composite?
True
Let n be -2 - -2*20/8. Let t(l) = -3*l**3 - 21 - 19*l**3 - 25*l**3 - n*l**2. Is t(-5) composite?
False
Suppose 0 = 2*i + 2*r - 585326, 5*i + 145584 = 3*r + 1608883. Is i composite?
False
Suppose 3*v - x = 361169, -3*v + 15*x - 19*x = -361189. Is v prime?
True
Suppose -2*u = -5*a + 86029, 5*a + 68847 = 9*a - 5*u. Is a a composite number?
False
Let u(g) = -g**3 - 7*g**2 - 16*g - 23. Let c be u(-5). Suppose q - 4662 = c*k - 6*k, -4*k = q - 4667. Is q prime?
True
Suppose 0 = 3*x, -2*x = -i - 0 - 0. Suppose i*q = -p + 3*q + 1856, 4*q + 7400 = 4*p. Is p a composite number?
False
Let a = -62491 - -313792. Suppose 13*k - a = 165752. Is k composite?
True
Let s(q) = 3*q + 8. Let t be s(-2). Suppose 7613 = t*k + i, 3*k - 7274 = 2*i + 4149. Suppose -k = -5*g + 6458. Is g a prime number?
True
Let b be ((1 - 1)/(10 + -8))/(-2). Suppose 4*v = -b*v. Suppose v = -11*h + 6928 + 4039. Is h composite?
False
Let u(m) = m**2 - 5*m - 95. Let l be u(-7). Is 3815 + (-5 - l)/3 a prime number?
False
Let i = 59978 - -6429. Is i composite?
True
Let g(u) be the third derivative of -7/6*u**3 + 9*u**2 + 1/12*u**4 + 0 + 0*u + 2/15*u**5. Is g(-7) a composite number?
True
Let y(o) = o**3 + 155*o**2 + 334*o - 477. Is y(-98) a composite number?
False
Let x(y) = 42*y - 3 + 2 + 27*y**2 - 40. Is x(-24) composite?
False
Let y = -2479 - -12402. Is y composite?
False
Suppose 3*i = -5*j - 24, -2*j = -0*i - 2*i - 16. Is (39466/21)/(i/(-12)) prime?
True
Let q(u) = -u**2 - 43*u - 112. Let x be q(-40). Suppose -x*c + 30590 = -11498. Is c prime?
True
Suppose 12*u = 19*u - 322. Suppose -4*r + 5*z + u = -r, -5*z = 2*r + 11. Suppose -3*n = r*n - 3670. Is n a prime number?
True
Suppose -4*u = -4*m + 2226692, 37*u - 34*u = -5*m + 2783365. Is m prime?
False
Let b(o) = -225*o**3 - 11*o**2 - 128*o - 17. Is b(-18) composite?
False
Suppose 2*t = -5*t. Suppose -13*n + 8*n + 15 = t. Is 32857/33 + (-2)/n a composite number?
True
Let m(j) = -4*j**2 - 66*j - 27. Let u be m(-16). Suppose d + u*b = 3*b + 7073, 5*b - 21222 = -3*d. Is d a prime number?
True
Is -410166*(22/(-3) - -7) - 5 a prime number?
False
Let n = -751 + 974. Is n composite?
False
Suppose -2*d - 4*i + 31100 = 0, -4*d + 2*i + 59791 = -2409. Let c = 30939 - d. Is c prime?
False
Let u = -107 + 113. Suppose -2*r - u*r + 1712 = 0. Is r composite?
True
Suppose 24*l = 28*l - 403720. Suppose -7*j + 402749 = l. Is j prime?
True
Let g(r) = 4*r**3 - 8*r**2 + 4*r + 6. Suppose -3*d - 25 = -4*q + 2*q, 0 = 4*d + 5*q + 18. Let y be g(d). Let s = y - -2673. Is s a prime number?
True
Let f(k) = 109*k**2 - k - 87 + 83 + 4*k + 9*k. Suppose j - 4*j = -27. Is f(j) a composite number?
False
Let h = -143866 + 212127. Is h composite?
False
Suppose -7*g - 1809615 = -22*g. Is g composite?
False
Let x = -126 - -129. Suppose 0*b - 7815 = -b - 2*a, -x*a - 3 = 0. Is b a prime number?
True
Let p(m) = -14*m**2 - 10*m + 9. Let s(h) = -15*h**2 - 11*h + 10. Let z(o) = -3*p(o) + 2*s(o). Is z(-5) composite?
True
Suppose 2*b = m + 4 + 4, -4*b = -m - 18. Suppose -4*d - 2*y + 1243 + 5439 = 0, -m*y - 8375 = -5*d. Is d composite?
True
Suppose -33*n - 1240152 = -41*n. Is n prime?
False
Let g(z) = -41 + 102*z - 96*z + 19*z**2 - 40. Is g(-10) prime?
True
Suppose 2*z = d - 28879, -3*d + 22807 = -2*z - 63806. Is d composite?
False
Let g(v) = 750*v - 645*v + 2114*v - 89. Is g(12) prime?
True
Suppose -i = 6, 7*i + 1415779 = 5*z + 3*i. Is z a prime number?
False
Is 7 - -26981*(-6)/(-3) a prime number?
False
Let o(m) = 10*m**2 - 18*m - 49. Let w(b) = b + 1. Let q(s) = o(s) + 5*w(s). Is q(19) composite?
False
Suppose 2*n + 1 = -3, -3*n - 5 = -d. Is (7/((-28)/(-1670)))/(d/(-2)) prime?
False
Suppose -467*v + 7559 = -464*v - 489244. Is v prime?
True
Let h = -142208 - -306565. Is h prime?
True
Let p(x) = 94*x**2 + 94*x**2 + 22*x + 93*x - 189*x**2 + 19. Is p(26) composite?
False
Let h(f) = -75*f - 3. Let q be h(-1). Let s = -69 + q. Suppose 354 = 3*b - 3*t, -5*t = s*b - 2*b - 136. Is b a prime number?
False
Let l = 242 + 144. Let w = 675 - l. Let v = -162 + w. Is v a composite number?
False
Let m(i) = 41*i**3 + i**2 + i + 18. Let a be m(9). Let z = -13118 + a. Is z prime?
True
Suppose -5*l = 3*p - 4605 - 6504, 0 = 4*p - 5*l - 14777. Suppose f - p = -5*a, -20*a + 23*a + 3*f - 2226 = 0. Is a a prime number?
True
Suppose 2*w + 34*w = 520308. Is w a composite number?
True
Let j be 20/140 + 2/(-14). Suppose -3*s + 695 - 350 = j. Is s a prime number?
False
Suppose 80640 = -p + 10*p. Let r = p - 19263. Let i = -6108 - r. Is i composite?
True
Let j = -82941 + 431264. Is j prime?
True
Let o be 16*64*(-76)/(-8). Let u = 14